 i(6).
388
Let t(z) = 4*z**2 + 2765*z + 128821. What is t(-641)?
-20
Let f(r) = 22*r**2 - 1313*r + 4866. What is f(4)?
-34
Let t(i) = i**2 - 4579*i + 917492. Determine t(210).
2
Let o(k) = 27907*k - 132. What is o(0)?
-132
Let f(s) = -s**2 + 180*s + 21177. What is f(-81)?
36
Let v(g) = -61*g**3 - 18181*g**2 - 873*g + 6269. Give v(-298).
11
Let o(l) = 573*l**2 - 5273*l + 1036. Determine o(9).
-8
Let z(t) = 29*t**2 + 1974*t + 133. Give z(-68).
-3
Let l(c) = 14569*c + 43709. Give l(-3).
2
Let q(y) = -y**3 - 61*y**2 - 412*y - 13639. Determine q(-58).
165
Let c(y) = y**3 + 3*y**2 - 216*y + 72. What is c(13)?
-32
Let t(v) = -723587*v + 15918907. Determine t(22).
-7
Let y(n) = -n**3 - 211*n**2 + 602*n + 37405. What is y(-213)?
-83
Let x(o) = -121*o**2 - 21658*o + 104. Give x(-179).
-75
Let z(o) = -o**2 - 196*o - 6384. What is z(-161)?
-749
Let n(x) = x**3 - 46*x**2 - 184*x - 13537. Give n(54).
-145
Let j(w) = -5*w**2 + 105*w - 473. Calculate j(12).
67
Let c(d) = -d**3 + 54*d**2 + 355*d - 10389. Give c(57).
99
Let l(q) = -q**3 - 48*q**2 - 2175*q - 74197. Calculate l(-40).
3
Let o(d) = 54*d**2 - 744*d + 743. Give o(1).
53
Let j(t) = 2793*t + 61090. What is j(-22)?
-356
Let l(p) = -12*p**2 + 591*p - 724. Determine l(48).
-4
Let k(x) = x**3 - 400*x**2 + 7570*x + 147439. Calculate k(379).
8
Let c(t) = -305*t - 1331. Calculate c(-8).
1109
Let n(h) = -437*h + 104295. Determine n(234).
2037
Let r(s) = s**3 + 24*s**2 - 24*s - 423. Calculate r(-4).
-7
Let j(r) = -5*r**2 + 307*r + 57666. Determine j(-81).
-6
Let q(c) = 8*c**3 - 1114*c**2 - 856*c + 2205. Give q(140).
-35
Let o(r) = -9*r**2 - 120*r + 46698. Calculate o(-79).
9
Let k(f) = -59*f**2 + 5735*f - 1159. Give k(97).
5
Let g(u) = -5*u**3 + 3*u**2 - 163*u + 453. Determine g(3).
-144
Let i(r) = -87*r**2 - 2256*r - 4030. Calculate i(-24).
2
Let r(z) = -5*z**2 + 5225*z - 971624. Determine r(242).
6
Let c(i) = -i**3 + 335*i**2 - 3879*i - 69. Determine c(12).
-105
Let o(c) = 584*c + 4906. Determine o(-9).
-350
Let w(y) = -9*y**2 + 70*y + 98. Calculate w(9).
-1
Let s(q) = -15711*q + 37407890. Give s(2381).
-1
Let z(o) = 1811*o**3 + 3*o**2 - 44*o + 41. What is z(1)?
1811
Let j(p) = -54*p**3 - 2000*p**2 - 227*p - 5657. What is j(-37)?
4
Let x(q) = 18*q**2 + 71*q - 174. Calculate x(-9).
645
Let c(w) = -4082*w - 32605. Calculate c(-8).
51
Let i(n) = -12028*n + 216507. What is i(18)?
3
Let c(v) = 35898*v - 3410367. Calculate c(95).
-57
Let t(z) = z**2 + 168059*z - 6387702. Calculate t(38).
-16
Let l(m) = -m**2 - 287309*m - 2011117. Determine l(-7).
-3
Let t(z) = 2*z**3 + 26*z**2 + 159*z + 2075. What is t(-13)?
8
Let g(d) = 2*d**3 - 31*d**2 - 1235*d + 20921. Give g(19).
-17
Let p(h) = -5*h**2 - 3*h - 515. What is p(-6)?
-677
Let w(d) = d**2 + 7689*d - 394752. Calculate w(51).
-12
Let c(d) = d**3 - 28*d**2 - 675*d + 11095. Determine c(38).
-115
Let w(y) = 6*y**2 - 22*y + 28. Calculate w(0).
28
Let d(y) = 5*y**3 - 686*y**2 + 70*y + 9173. Give d(137).
-6
Let u(c) = -20125*c + 2153275. Determine u(107).
-100
Let z(h) = 1262*h - 420503. Give z(333).
-257
Let t(w) = -2*w**3 + 69*w**2 - 331*w - 936. What is t(28)?
-12
Let g(c) = -7*c**3 + 45*c**2 - 75*c + 26. Give g(5).
-99
Let m(y) = -y**3 + 623*y**2 - 1905*y + 134. What is m(3)?
-1
Let j(x) = -425*x - 56572. Calculate j(-133).
-47
Let f(x) = -12675*x + 1026489. Determine f(81).
-186
Let u(a) = 190*a + 35. Give u(0).
35
Let j(t) = 1342*t - 8151. Determine j(6).
-99
Let z(n) = 86*n**3 + 29*n**2 - 159*n + 200. Calculate z(3).
2306
Let y(h) = 32*h**2 - 1538*h - 7727. Calculate y(-5).
763
Let m(a) = a**2 + 48978*a + 48979. Calculate m(-1).
2
Let d(o) = 6*o**2 + 2307*o - 15071. What is d(-391)?
178
Let m(c) = -2*c**3 - 216*c**2 + 30*c + 2553. What is m(-108)?
-687
Let x(r) = -5187*r + 20817. Calculate x(4).
69
Let s(v) = 47*v + 2110. Determine s(-40).
230
Let z(t) = -215*t**2 + 1251*t + 230. Give z(6).
-4
Let z(c) = 2345*c + 1277885. Determine z(-545).
-140
Let a(n) = -2413830*n + 16896830. Calculate a(7).
20
Let i(m) = 3896*m + 15473. What is i(-4)?
-111
Let q(w) = -37629*w - 3386602. What is q(-90)?
8
Let p(g) = -g**3 - 893*g**2 - 75805*g + 3978. Determine p(-798).
-12
Let w(u) = -3799*u + 148156. Give w(39).
-5
Let x(n) = -n**3 - 333*n**2 - 1316*n - 86. What is x(-329)?
-86
Let m(y) = 3789*y - 1216076. Determine m(321).
193
Let m(w) = -171*w + 1227. Give m(7).
30
Let d(f) = -4*f**3 - 7*f**2 + 1304*f + 8831. What is d(-8)?
-1
Let k(s) = 3063*s + 21312. Give k(-7).
-129
Let v(q) = 4*q**2 + 1886*q + 22367. Calculate v(-12).
311
Let u(m) = -41095*m + 123494. Determine u(3).
209
Let j(p) = 46*p + 2099. Determine j(-14).
1455
Let j(a) = a**3 - 14*a**2 + 47*a - 172. Determine j(14).
486
Let c(j) = -j**2 - 869*j + 662852. What is c(488)?
636
Let x(l) = -423894*l + 2543368. Calculate x(6).
4
Let r(g) = -591*g**2 + 399*g + 7826. Give r(4).
-34
Let m(y) = -2*y**2 + 873*y + 16115. Give m(-17).
696
Let j(p) = -19691*p - 1339125. What is j(-68)?
-137
Let d(l) = 9*l**2 + 372*l + 733. Determine d(-2).
25
Let q(w) = 5623*w**2 - 44940*w - 367. Calculate q(8).
-15
Let s(r) = -r**2 - 725*r - 40565. Determine s(-61).
-61
Let n(i) = -4*i**3 - 244*i**2 - 270*i - 1614. Determine n(-60).
186
Let g(x) = -601172*x + 1202344. What is g(2)?
0
Let d(l) = -10*l**2 - 16570*l + 661456. Give d(39).
16
Let t(r) = 897*r - 501446. What is t(559)?
-23
Let u(n) = -32*n**2 - 6194*n - 83418. Calculate u(-179).
-4
Let f(i) = 5*i**2 - 25*i - 125. Determine f(13).
395
Let d(v) = 23*v**2 - 565*v + 381. What is d(23)?
-447
Let k(h) = 4*h**3 - 1623*h**2 - 3664*h - 3128. What is k(408)?
136
Let o(b) = 4*b**2 + 253*b - 272. Determine o(-71).
1929
Let s(i) = -2*i**3 - 570*i**2 + 7754*i - 67. What is s(13)?
11
Let z(j) = 14*j**2 + 1715*j - 3493. Give z(2).
-7
Let b(w) = w**2 - 221*w + 9914. Give b(159).
56
Let s(n) = 3*n**2 - 2954*n + 423164. What is s(174)?
-4
Let b(m) = -10952*m - 843153. What is b(-77)?
151
Let g(m) = -m**2 + 311*m - 2191. What is g(7)?
-63
Let g(i) = -2*i**3 + 3208*i**2 + 9699*i + 173. Determine g(-3).
2
Let y(f) = 573*f**2 - 11437*f + 47. Give y(20).
507
Let n(w) = -w**3 + 147*w**2 - 91*w - 28793. Determine n(145).
62
Let j(u) = -13*u**2 - 19363*u + 323783. What is j(-1506)?
-7
Let o(d) = 1371*d + 30296. What is o(-22)?
134
Let i(w) = w**2 - 305*w + 28020. Determine i(118).
5954
Let m(q) = -2*q**2 + 2770*q - 41040. Give m(15).
60
Let j(n) = 114*n + 2211. Give j(-15).
501
Let i(c) = 3*c**3 - 27*c**2 + 33*c - 43. Determine i(10).
587
Let k(w) = -w**3 + 32*w**2 + 203*w - 487. What is k(-7)?
3
Let z(k) = 2*k**2 + 9689*k + 1919934. What is z(-207)?
9
Let j(h) = 96*h**2 - 877*h + 127. Calculate j(9).
10
Let b(z) = -12*z**2 - 427*z - 3406. Calculate b(-10).
-336
Let l(x) = -770*x - 9944. What is l(-13)?
66
Let c(r) = 3*r**3 - 272*r**2 + 6143*r - 8. Determine c(48).
-56
Let v(q) = -7*q**2 - 3641*q + 44697. Determine v(12).
-3
Let d(k) = -1967*k - 2011. Calculate d(-1).
-44
Let a(f) = 11*f**3 - 103*f**2 + 119*f + 66. Determine a(8).
58
Let j(x) = -x**3 - 12*x**2 + 374*x + 3391. Calculate j(-22).
3
Let b(d) = 2*d**3 - 355*d**2 + 175*d + 379. Determine b(177).
25
Let o(j) = 3*j**2 - 174*j - 13. What is o(57)?
-184
Let d(l) = -65255*l - 20555330. Determine d(-315).
-5
Let t(k) = -32859*k - 755761. What is t(-23)?
-4
Let b(j) = -6*j**3 + 6*j**2 + 2124*j - 8491. Calculate b(4).
-283
Let q(o) = 10*o**3 + 3245*o**2 + 1401*o - 70952. What is q(-324)?
4
Let g(i) = i**3 + 15*i**2 - 404*i + 738. Determine g(12).
-222
Let t(r) = -5*r**2 + 246*r - 1990. Calculate t(27).
1007
Let w(y) = -3460*y + 276803. What is w(80)?
3
Let b(j) = -j**3 - 94*j**2 - 338*j - 15115. Calculate b(-92).
-947
Let g(o) = 5218*o - 714898. Give g(137).
-32
Let p(a) = -29*a**2 + 490*a - 319. Calculate p(16).
97
Let o(b) = -b**3 - 19*b**2 - 330*b - 2642. Determine o(-9).
-482
Let o(c) = 2*c**3 - 29*c**2 - 356*c + 2262. What is o(5)?
7
Let r(a) = -6*a**3 + 1589*a**2 + 1861*a + 260. What is r(266)?
-6
Let r(k) = -20*k**2 + 254*k + 9460. Determine r(29).
6
Let o(p) = -196*p**2 + 1555*p + 39. Determine o(8).
-65
Let y(t) = -23729*t + 71369. What is y(3)?
182
Let x(w) = 2918*w + 5147. Calculate x(-2).
-689
Let d(f) = f**3 + 112*f**2 + 20*f - 10111. Determine d(-111).
-10
Let o(r) = -17403*r + 52199. Calculate o(3).
-10
Let z(t) = t**3 + 682*t**2 + 631*t 